{"id":407,"date":"2024-07-09T14:10:21","date_gmt":"2024-07-09T12:10:21","guid":{"rendered":"https:\/\/www.ecolestjoprat.fr\/?page_id=407"},"modified":"2024-07-09T14:33:24","modified_gmt":"2024-07-09T12:33:24","slug":"classe3","status":"publish","type":"page","link":"https:\/\/www.ecolestjoprat.fr\/index.php\/classe3\/","title":{"rendered":"Classe3"},"content":{"rendered":"<p>[et_pb_section fb_built=&#8221;1&#8243; _builder_version=&#8221;4.20.2&#8243; _module_preset=&#8221;default&#8221; global_colors_info=&#8221;{}&#8221;][et_pb_row column_structure=&#8221;1_2,1_2&#8243; _builder_version=&#8221;4.20.2&#8243; _module_preset=&#8221;default&#8221; global_colors_info=&#8221;{}&#8221;][et_pb_column type=&#8221;1_2&#8243; _builder_version=&#8221;4.20.2&#8243; _module_preset=&#8221;default&#8221; global_colors_info=&#8221;{}&#8221;][et_pb_text _builder_version=&#8221;4.20.2&#8243; _module_preset=&#8221;default&#8221; global_colors_info=&#8221;{}&#8221;]<\/p>\n<div class=\"x_elementToProof\">\n<p><span style=\"color: #000000; font-size: 12pt;\"><span style=\"color: #339966;\"><strong>Notre classe de CE2\/CM s&#8217;inspire des m\u00e9thodes Freinet.<\/strong><\/span><\/p>\n<p><\/span><\/div>\n<div class=\"x_elementToProof\"><span style=\"color: #000000; font-size: 12pt;\">Nous respectons un rythme d&#8217;apprentissage individualis\u00e9 o\u00f9 chaque \u00e9l\u00e8ve progresse en fonction de ses capacit\u00e9s et de ses objectifs.<\/span><\/div>\n<div class=\"x_elementToProof\"><span style=\"color: #000000; font-size: 12pt;\">Nous d\u00e9veloppons l&#8217;autonomie et la responsabilit\u00e9 des \u00e9l\u00e8ves ainsi que la coop\u00e9ration entre pairs.<\/span><\/div>\n<ul>\n<li class=\"x_elementToProof\"><span style=\"color: #000000; font-size: 12pt;\">La classe s&#8217;organise de fa\u00e7on coop\u00e9rative en pointant le positif chez chacun de nos \u00e9l\u00e8ves.<\/span><\/li>\n<li class=\"x_elementToProof\"><span style=\"color: #000000; font-size: 12pt;\">Les \u00e9l\u00e8ves travaillent la prise de parole.<\/span><\/li>\n<li class=\"x_elementToProof\"><span style=\"color: #000000; font-size: 12pt;\">La confection d&#8217;un journal scolaire est un outil privil\u00e9gi\u00e9 de la p\u00e9dagogie Freinet.<\/span><\/li>\n<li class=\"x_elementToProof\"><span style=\"color: #000000; font-size: 12pt;\">L&#8217;\u00e9valuation n&#8217;est plus un objectif unique mais elle se fait par le biais des travaux de l&#8217;enfant lorsqu&#8217;il se sent pr\u00eat.<\/span><\/li>\n<li class=\"x_elementToProof\"><span style=\"color: #000000; font-size: 12pt;\">Les apprentissages ne se font pas par niveaux mais par comp\u00e9tences au travers de projets qui leur donnent du sens.<\/span><\/li>\n<\/ul>\n<div class=\"x_elementToProof\"><span style=\"color: #000000; font-size: 12pt;\">L&#8217;am\u00e9nagement de la classe favorise la coop\u00e9ration et l&#8217;autonomie.<\/span><\/div>\n<div class=\"x_elementToProof\"><span style=\"color: #000000; font-size: 12pt;\">En un r\u00e9sum\u00e9, dans notre classe on apprend chacun \u00e0 notre rythme, en s&#8217;entraidant, en cr\u00e9ant et avec beaucoup de bonne humeur !<\/span><\/div>\n<p>[\/et_pb_text][\/et_pb_column][et_pb_column type=&#8221;1_2&#8243; _builder_version=&#8221;4.20.2&#8243; _module_preset=&#8221;default&#8221; global_colors_info=&#8221;{}&#8221;][et_pb_image src=&#8221;https:\/\/www.ecolestjoprat.fr\/wp-content\/uploads\/2018\/02\/classe-1.jpg&#8221; title_text=&#8221;classe 1&#8243; align=&#8221;center&#8221; align_tablet=&#8221;center&#8221; align_phone=&#8221;center&#8221; align_last_edited=&#8221;on|desktop&#8221; _builder_version=&#8221;4.20.2&#8243; z_index_tablet=&#8221;500&#8243; border_radii=&#8221;on|10px|10px|10px|10px&#8221; border_width_all=&#8221;1px&#8221; box_shadow_style=&#8221;preset1&#8243; saved_tabs=&#8221;all&#8221; global_colors_info=&#8221;{}&#8221;][\/et_pb_image][et_pb_button button_text=&#8221;Actualit\u00e9s&#8221; button_alignment=&#8221;center&#8221; _builder_version=&#8221;4.20.2&#8243; _module_preset=&#8221;default&#8221; custom_button=&#8221;on&#8221; button_text_size=&#8221;30px&#8221; button_text_color=&#8221;#FFFFFF&#8221; button_bg_color=&#8221;#0C71C3&#8243; hover_enabled=&#8221;0&#8243; global_colors_info=&#8221;{}&#8221; button_url=&#8221;https:\/\/www.ecolestjoprat.fr\/index.php\/articlesclasse3\/&#8221; sticky_enabled=&#8221;0&#8243;][\/et_pb_button][\/et_pb_column][\/et_pb_row][\/et_pb_section]<\/p>\n","protected":false},"excerpt":{"rendered":"<p>Notre classe de CE2\/CM s&#8217;inspire des m\u00e9thodes Freinet. Nous respectons un rythme d&#8217;apprentissage individualis\u00e9 o\u00f9 chaque \u00e9l\u00e8ve progresse en fonction de ses capacit\u00e9s et de ses objectifs. Nous d\u00e9veloppons l&#8217;autonomie et la responsabilit\u00e9 des \u00e9l\u00e8ves ainsi que la coop\u00e9ration entre pairs. La classe s&#8217;organise de fa\u00e7on coop\u00e9rative en pointant le positif chez chacun de nos [&hellip;]<\/p>\n","protected":false},"author":2,"featured_media":0,"parent":0,"menu_order":0,"comment_status":"closed","ping_status":"closed","template":"","meta":{"_et_pb_use_builder":"on","_et_pb_old_content":"","_et_gb_content_width":"","footnotes":""},"class_list":["post-407","page","type-page","status-publish","hentry"],"_links":{"self":[{"href":"https:\/\/www.ecolestjoprat.fr\/index.php\/wp-json\/wp\/v2\/pages\/407","targetHints":{"allow":["GET"]}}],"collection":[{"href":"https:\/\/www.ecolestjoprat.fr\/index.php\/wp-json\/wp\/v2\/pages"}],"about":[{"href":"https:\/\/www.ecolestjoprat.fr\/index.php\/wp-json\/wp\/v2\/types\/page"}],"author":[{"embeddable":true,"href":"https:\/\/www.ecolestjoprat.fr\/index.php\/wp-json\/wp\/v2\/users\/2"}],"replies":[{"embeddable":true,"href":"https:\/\/www.ecolestjoprat.fr\/index.php\/wp-json\/wp\/v2\/comments?post=407"}],"version-history":[{"count":4,"href":"https:\/\/www.ecolestjoprat.fr\/index.php\/wp-json\/wp\/v2\/pages\/407\/revisions"}],"predecessor-version":[{"id":451,"href":"https:\/\/www.ecolestjoprat.fr\/index.php\/wp-json\/wp\/v2\/pages\/407\/revisions\/451"}],"wp:attachment":[{"href":"https:\/\/www.ecolestjoprat.fr\/index.php\/wp-json\/wp\/v2\/media?parent=407"}],"curies":[{"name":"wp","href":"https:\/\/api.w.org\/{rel}","templated":true}]}}

<p>[et_pb_section fb_built=&#8221;1&#8243; _builder_version=&#8221;4.20.2&#8243; _module_preset=&#8221;default&#8221; global_colors_info=&#8221;{}&#8221;][et_pb_row column_structure=&#8221;1_2,1_2&#8243; _builder_version=&#8221;4.20.2&#8243; _module_preset=&#8221;default&#8221; global_colors_info=&#8221;{}&#8221;][et_pb_column type=&#8221;1_2&#8243; _builder_version=&#8221;4.20.2&#8243; _module_preset=&#8221;default&#8221; global_colors_info=&#8221;{}&#8221;][et_pb_text _builder_version=&#8221;4.20.2&#8243; _module_preset=&#8221;default&#8221; global_colors_info=&#8221;{}&#8221;]</p>
<div class="x_elementToProof">
<p><span style="color: #000000; font-size: 12pt;"><span style="color: #339966;"><strong>Notre classe de CE2/CM s&#8217;inspire des méthodes Freinet.</strong></span></p>
<p></span></div>
<div class="x_elementToProof"><span style="color: #000000; font-size: 12pt;">Nous respectons un rythme d&#8217;apprentissage individualisé où chaque élève progresse en fonction de ses capacités et de ses objectifs.</span></div>
<div class="x_elementToProof"><span style="color: #000000; font-size: 12pt;">Nous développons l&#8217;autonomie et la responsabilité des élèves ainsi que la coopération entre pairs.</span></div>
<ul>
<li class="x_elementToProof"><span style="color: #000000; font-size: 12pt;">La classe s&#8217;organise de façon coopérative en pointant le positif chez chacun de nos élèves.</span></li>
<li class="x_elementToProof"><span style="color: #000000; font-size: 12pt;">Les élèves travaillent la prise de parole.</span></li>
<li class="x_elementToProof"><span style="color: #000000; font-size: 12pt;">La confection d&#8217;un journal scolaire est un outil privilégié de la pédagogie Freinet.</span></li>
<li class="x_elementToProof"><span style="color: #000000; font-size: 12pt;">L&#8217;évaluation n&#8217;est plus un objectif unique mais elle se fait par le biais des travaux de l&#8217;enfant lorsqu&#8217;il se sent prêt.</span></li>
<li class="x_elementToProof"><span style="color: #000000; font-size: 12pt;">Les apprentissages ne se font pas par niveaux mais par compétences au travers de projets qui leur donnent du sens.</span></li>
</ul>
<div class="x_elementToProof"><span style="color: #000000; font-size: 12pt;">L&#8217;aménagement de la classe favorise la coopération et l&#8217;autonomie.</span></div>
<div class="x_elementToProof"><span style="color: #000000; font-size: 12pt;">En un résumé, dans notre classe on apprend chacun à notre rythme, en s&#8217;entraidant, en créant et avec beaucoup de bonne humeur !</span></div>
<p>[/et_pb_text][/et_pb_column][et_pb_column type=&#8221;1_2&#8243; _builder_version=&#8221;4.20.2&#8243; _module_preset=&#8221;default&#8221; global_colors_info=&#8221;{}&#8221;][et_pb_image src=&#8221;https://www.ecolestjoprat.fr/wp-content/uploads/2018/02/classe-1.jpg&#8221; title_text=&#8221;classe 1&#8243; align=&#8221;center&#8221; align_tablet=&#8221;center&#8221; align_phone=&#8221;center&#8221; align_last_edited=&#8221;on|desktop&#8221; _builder_version=&#8221;4.20.2&#8243; z_index_tablet=&#8221;500&#8243; border_radii=&#8221;on|10px|10px|10px|10px&#8221; border_width_all=&#8221;1px&#8221; box_shadow_style=&#8221;preset1&#8243; saved_tabs=&#8221;all&#8221; global_colors_info=&#8221;{}&#8221;][/et_pb_image][et_pb_button button_text=&#8221;Actualités&#8221; button_alignment=&#8221;center&#8221; _builder_version=&#8221;4.20.2&#8243; _module_preset=&#8221;default&#8221; custom_button=&#8221;on&#8221; button_text_size=&#8221;30px&#8221; button_text_color=&#8221;#FFFFFF&#8221; button_bg_color=&#8221;#0C71C3&#8243; hover_enabled=&#8221;0&#8243; global_colors_info=&#8221;{}&#8221; button_url=&#8221;https://www.ecolestjoprat.fr/index.php/articlesclasse3/&#8221; sticky_enabled=&#8221;0&#8243;][/et_pb_button][/et_pb_column][/et_pb_row][/et_pb_section]</p>

<p>Notre classe de CE2/CM s&#8217;inspire des méthodes Freinet. Nous respectons un rythme d&#8217;apprentissage individualisé où chaque élève progresse en fonction de ses capacités et de ses objectifs. Nous développons l&#8217;autonomie et la responsabilité des élèves ainsi que la coopération entre pairs. La classe s&#8217;organise de façon coopérative en pointant le positif chez chacun de nos [&hellip;]</p>
